 0) - 28/(-14) composite?
True
Let c(f) = f**3 - 9*f**2 - 7. Suppose 0*w = w - 2*j + 5, -w - j + 10 = 0. Suppose 35 = 5*m - 4*s, -w*m - 5*s = -0*s - 80. Is c(m) a composite number?
True
Suppose t + 123 = h, 0*t - 2*t + 8 = 0. Is h prime?
True
Let i be 0/((1 - 2) + 0). Suppose 0*u + 4*u = i. Suppose -5*n = -u*n - 2095. Is n prime?
True
Let x(j) = 38*j**2 + 70*j - 5. Is x(-18) a prime number?
True
Suppose -3*q - 3*l = q - 24, q + 4*l - 19 = 0. Suppose n - 9089 = -2*i, -2*i - i + 13656 = -q*n. Is i composite?
False
Let g = 21570 + 20531. Is g a composite number?
False
Let j(f) = f**2 - 22*f - 11. Let l be j(23). Let d be (4/(2*1))/1. Is l + -2 + -1 + d composite?
False
Let q(j) = 56*j - 31. Let z = -35 + 44. Is q(z) a prime number?
False
Suppose -2*l - 15 = -5*l. Suppose -d - 4*i + 2526 = d, 6270 = l*d + i. Suppose -5*t - o - 2*o = -d, 4*t + 5*o - 992 = 0. Is t composite?
True
Suppose 3*o + 3*d - 7 = 11, -4*o = -d - 4. Let t(j) = 76*j**2 - 3*j + 1. Is t(o) prime?
False
Suppose 2*s + 4*z = 66, 0 = 2*s + s + z - 104. Let y = 406 - s. Is y a composite number?
True
Let p be 2102/3 - (-4)/12. Let m = -142 + p. Is m a composite number?
True
Let b(n) = 177*n**2 + 10*n. Is b(3) a composite number?
True
Let q(a) = 6 + 7 - 12*a + 0*a**2 - a**2 - 1. Let n be q(8). Let d = n + 222. Is d a prime number?
False
Let g(z) = 2*z**2 + z + 3007. Is g(0) a prime number?
False
Let m = 10 + -6. Suppose -1068 = m*k + 4*p, -5*k + 2*p = -284 + 1598. Let a = -31 - k. Is a a composite number?
False
Suppose -18*i + 9*i = -110439. Is i a prime number?
False
Suppose -5*q = 49 + 206. Let m be q/(-7) + (-10)/35. Suppose 4*v - m*v + 1137 = 0. Is v composite?
False
Let a(b) = 144*b**2 + b - 3. Let u be a(3). Suppose -6*i + u + 1038 = 0. Is i a prime number?
True
Is 5/(-5)*4 - -115 prime?
False
Let l be 77 + (-3)/(-6)*-4. Suppose 2*n - l = 55. Is n composite?
True
Let w = -7 - -10. Suppose -s = 4*s - 5*t, -s + w*t - 8 = 0. Suppose -3*i + s*z + 1893 = 0, -2*i + z - 1262 = -4*i. Is i prime?
True
Let k(v) = 24*v - 13. Suppose -5*i + 53 = 3*y, -2*y = -y + i - 15. Is k(y) composite?
False
Let t = -13 - -8. Suppose 4*u + 96 = 3*x, -4*x + 0*u = 3*u - 103. Let q = x + t. Is q a prime number?
True
Let s = 10962 + -6053. Is s a composite number?
False
Let i(j) = -j**3 - 11*j**2 - 4*j - 12. Let v be i(-8). Let q = v + 503. Is q a composite number?
False
Suppose -1003 - 2119 = -7*s. Let t = 1855 - s. Is t a composite number?
False
Let r(j) = -j**2 - 13*j + 13. Let s be r(-14). Is 382/(3 - 5)*s prime?
True
Let t(d) = 1135*d + 1. Let g(m) = 567*m. Let i(a) = 5*g(a) - 2*t(a). Is i(1) prime?
True
Let r = -31 - -38. Suppose 12 = -r*w + 11*w. Suppose -4*a = 5*x - 1661, -7*x + 1300 = -w*x - 4*a. Is x a prime number?
False
Let r be 2/(-3) - (-30615)/9. Suppose r = 5*c - 3984. Is c prime?
False
Let z(p) = -4*p + 53. Let l be z(12). Suppose 480 = 2*k + o - 475, l*k - o - 2398 = 0. Is k composite?
False
Is 3736560/(-96)*(-2)/5 a prime number?
True
Let p = -60 + 1028. Let x = 1395 - p. Is x a prime number?
False
Is (-4 - -1235)/(1 + 0/1) prime?
True
Let b(w) = 11*w**2 + 33*w - 81. Is b(17) a composite number?
False
Suppose r - 5*k - 27 = 0, 3*k = -0*k - 15. Is (-9 + 150)*r/3 composite?
True
Is 13 + -3 + 0 - -30719 prime?
False
Let w be 12/7*(-21)/(-6). Is (w/(-4))/((-3)/70) a composite number?
True
Suppose 0 = 3*w - 2 + 8, 84 = 4*c - 2*w. Let q = c + 171. Is q a prime number?
True
Let q = 1976 - 460. Suppose -q - 79 = -11*b. Is b a composite number?
True
Let s(b) = 66*b**2 - b - 60. Let l be s(10). Let v = l - 4139. Is v a prime number?
False
Suppose 0*f + 3*f + 4*k - 284384 = 0, 3*f + 5*k = 284386. Is (-4)/(-14) + f/56 prime?
True
Let p(h) be the third derivative of -h**6/120 + 13*h**5/60 - 7*h**4/12 + 13*h**3/6 - 9*h**2. Is p(9) a composite number?
False
Let k(i) be the third derivative of -1/2*i**4 + 11*i**2 + 0*i - 17/6*i**3 + 0. Is k(-7) a prime number?
True
Suppose -10*w + 28 = -6*w. Let m = -14 - w. Is ((-14)/m)/((-4)/(-42)) composite?
False
Let p = 7611 - 808. Is p a prime number?
True
Suppose 5*u - 1 = -2*r - 3, -3*r - 3 = u. Suppose 3*d - 9 = -o, 5*d - 3*o + 8*o - 15 = u. Suppose 0*k - t - 657 = -5*k, -d*t = 4*k - 518. Is k composite?
False
Let v be (12/9)/((-8)/(-12)). Suppose -v*r + r = 210. Is 0 - (r - -4)/2 prime?
True
Suppose -3*y + 3*j = -11589, 0*j + 19321 = 5*y - 2*j. Let g = 5730 - y. Is g composite?
True
Suppose 2*q + 4*x - 20 = 0, q - 4*x - 5 = -5*x. Suppose 3*d + 0*s = s + 4589, 5*s - 20 = q. Is d prime?
True
Let f(n) = 352*n - 81. Is f(11) prime?
False
Is 9 + 6853 - ((-3)/3 - 0) composite?
False
Let a be 2*(-33)/12*-22. Suppose 4*j - 609 = -a. Let u = -48 + j. Is u composite?
True
Let h be -5*((-6)/(-15) + 0). Let r be (-3)/(12/h)*-50. Is (-15)/r + 1174/10 a prime number?
False
Suppose 36*d - 15418 = 17234. Is d a composite number?
False
Suppose -11*l + 39 + 60 = 0. Suppose l*q = 307 + 3410. Is q prime?
False
Is 22/165*18909 + (-2)/10 composite?
False
Let t(i) = -3*i**3 + 59*i**2 + 54*i + 33. Is t(16) prime?
False
Let h be 4/(-2)*14/4. Let i be (-2912)/98 - (-2)/h. Is 7 + -2 - 2 - i composite?
True
Let f = -7 - -10. Suppose 0*a - 3*a + 4794 = -f*t, 2*a + t = 3211. Is a a prime number?
False
Let t(g) be the third derivative of -g**4/12 - 3*g**3/2 - 4*g**2. Let z be t(-6). Suppose -z*k = k + 5*s - 2, -1 = -3*k - 4*s. Is k a composite number?
False
Suppose 5*c + 5*q = 5800, 0*q - 4640 = -4*c + 2*q. Suppose 4*x - c = 64. Let t = -217 + x. Is t prime?
True
Suppose -5*j + 22543 = -2*z, -4*z = -j + 4620 - 97. Is j a prime number?
True
Suppose -n - 108 = 99. Suppose -5*y - 5*v = -y + 478, y = 5*v - 132. Let m = y - n. Is m a composite number?
True
Let y = 35 - 35. Let h be (y + 0)/((-3)/(-3)). Suppose -4*b = -h*b - 1868. Is b a composite number?
False
Suppose 2*j + 12376 = 3*j + 3*p, 0 = 3*p - 9. Is j composite?
True
Suppose 2*n - 2*r = 33236, 0 = -21*r + 24*r - 3. Is n a composite number?
False
Suppose -3716 = -4*i + 3*m, -2*i = -7*i - 3*m + 4645. Let u = 1822 - i. Is u composite?
True
Let t = -88 - -3099. Is t prime?
True
Let v(a) = 54*a**3 + 6*a**2 - 2*a - 5. Let w(s) = -109*s**3 - 12*s**2 + 4*s + 11. Let q(h) = 9*v(h) + 4*w(h). Is q(2) a composite number?
False
Suppose 2*b = -j + 2, 5*j - 3*b + 33 = -9. Let i be (-2 - 9/j)*-110. Suppose -7*n + 6*n + i = 0. Is n a prime number?
False
Suppose -5*b - 3*v + 5*v = -47865, 2*b - 2*v - 19152 = 0. Suppose -8*h + 5493 + b = 0. Is h a composite number?
True
Let q be 0 + 194/1 + 2. Suppose a - q = -a. Let z = a + -33. Is z composite?
True
Let m(u) = 1809*u - 118. Is m(9) prime?
False
Is 2 + (-12)/9 + (-9295)/(-3) a composite number?
True
Let d(f) = 7*f**3 - 3*f**2 - 2*f - 9. Let u = -75 - -80. Is d(u) prime?
False
Let s be ((-2)/(-4))/((-6)/288*-2). Suppose -10 = -x + 4. Let t = s + x. Is t prime?
False
Let b be ((-75)/(-30))/((-1)/(-1080)). Is 4/22 + b/33 a composite number?
True
Suppose -32*c + 3311 + 753 = 0. Is c a composite number?
False
Let v = -3756 + 1356. Let n = 5017 + v. Is n a prime number?
True
Let k = 10 + -8. Is 73*1405/45 + k/(-9) a composite number?
True
Suppose -4*d + 20 - 6 = 3*q, -3*q = d + 1. Let g be (-6)/7*(5 + 296). Is q - ((-3 - -2) + g) a composite number?
False
Let z(m) = 5*m**2. Let g(i) = -14*i**2. Let j(q) = -4*g(q) - 11*z(q). Suppose -20 = 2*t - 5*x, -t - 3*t - 10 = 5*x. Is j(t) composite?
True
Suppose -2*q + 3*q - 1 = 0. Let g(d) be the third derivative of 7*d**4/2 + d**3/6 - 3*d**2. Is g(q) a composite number?
True
Is 1642/(-3)*(-561)/22 prime?
False
Let h = 4659 + 20. Is h a prime number?
True
Suppose 3*p = 3*r + 2*p - 4, 4*r - 4*p = 8. Let o(l) = 468*l**3 + l**2 + l - 1. Is o(r) prime?
False
Suppose -3*w + 5*r + 6 = 0, -3*w - 2*r + 2 = -2*w. Let f = -32 - -23. Is 685/w - f/(-6) prime?
False
Let w(b) = 26*b**2 - 9*b + 31. Let j = -83 + 89. Is w(j) prime?
False
Let y be 76/(-18) + (-14)/(-63). Let i = 6 + y. Suppose -5*c + i = -3, 2*p - 73 = c. Is p composite?
False
Suppose -i = 3, i = 3*r - 3*i + 6. Is 42/4*(3 - 58/r) a composite number?
True
Let z = -14443 - -28664. Is z a prime number?
True
Is 1/(-3) + (-1)/((-9)/44184) a composite number?
False
Suppose 0 = 6*x - 10*x + 8. Suppose 6*b - x = 5*b. Suppose -4*k - 345 + 1078 = -5*t, b*k + 3*t - 339 = 0. Is k prime?
False
Let i(w) = -6*w - 5. Let u(p) = -p**3 + 